 when d is divided by w.
8
Calculate the remainder when 113 is divided by ((-39)/6)/((-2)/12).
35
Let d(n) = 37*n - 2. Calculate the remainder when 137 is divided by d(1).
32
Let v = 97 + -69. Suppose 0 = -0*d - 4*d + 40. Let g = 25 - d. What is the remainder when v is divided by g?
13
Let d(k) = k**2 + 9*k + 3. Calculate the remainder when d(-14) is divided by 19.
16
Suppose 3*i - 45 = -0*i. Suppose 4*x = 2*w + 30, -1 = 2*x + 4*w + 9. Suppose -8 - 132 = -x*v. What is the remainder when v is divided by i?
13
Let r = 9 + -4. Suppose -d + r = 5*c - 5, 0 = c + 3. Let i = -10 + d. Calculate the remainder when 44 is divided by i.
14
Let b(x) = 4*x**3 + 2*x**2 + 2*x - 2. Let j = 111 + -100. Calculate the remainder when b(2) is divided by j.
9
Suppose 6*h - 95 - 85 = 0. Calculate the remainder when h is divided by 16.
14
Suppose 4*i - 45 - 167 = 0. Let f = 20 + -6. What is the remainder when i is divided by f?
11
Suppose -3*w + 48 = -w. What is the remainder when 95 is divided by w?
23
Let w(u) = 4*u - 7. What is the remainder when (-7)/(-28)*(6 + 190) is divided by w(6)?
15
Suppose j + 167 = 3*g, -2*j = -6*j - 20. Calculate the remainder when g is divided by 29.
25
Let s = 66 - 47. What is the remainder when s is divided by 10?
9
Suppose -66 = -5*s - 4*l + 5*l, -l = 1. Calculate the remainder when 36 is divided by s.
10
Let x = -2 + -10. Let y = x + 28. Calculate the remainder when y is divided by 9.
7
Let k(u) = u**3 + 7*u**2 - 22*u - 5. Calculate the remainder when k(-9) is divided by 11.
9
Suppose -7 = -0*v + 2*v + 3*n, 2*v = -5*n - 9. Calculate the remainder when 2/(-5) + 12/5 is divided by v/(-5) + 24/15.
0
Let z = -220 + 230. Suppose -2*b - 4 = -62. Calculate the remainder when b is divided by z.
9
Let i = -126 - -188. What is the remainder when i is divided by 16?
14
Let b(a) = -a**3 + 3*a**2 + 7*a - 10. Let v(c) = -2*c - 12. Calculate the remainder when v(-9) is divided by b(4).
0
Calculate the remainder when 41 is divided by 65/25*5 + -2*1.
8
Let j(q) = 0 - q - 3*q + 2 - 7. Calculate the remainder when 90 is divided by j(-7).
21
Let d(z) = z**2 + 7*z + 8. Let l be d(-6). Let v(x) = -x**2 - 2 + 4*x**2 - l*x**2. What is the remainder when 3 is divided by v(2)?
1
Let l be 2 - (1 + (-1 - 1)). Let j(c) = 6*c**2 + c**3 - 1 - l*c - 9 + 3*c**2. What is the remainder when 50 is divided by j(-9)?
16
Suppose 15*l - 7*l - 680 = 0. Calculate the remainder when l is divided by 8.
5
Let p(w) = w + 3. Let v = 67 - 30. What is the remainder when v is divided by p(10)?
11
Let h(b) = b**2 - 4*b + 4. What is the remainder when 59 is divided by h(5)?
5
Let c = 11 - 6. Suppose 4*i - c = 3*i. What is the remainder when 8 is divided by i?
3
Suppose -q + 20 = 4*q. Suppose -129 = -5*i + q*r, -5*r = i + 17 - 66. Calculate the remainder when i is divided by 16.
13
Let n(p) = p**3 - 14*p**2 - 12*p - 37. Calculate the remainder when 19 is divided by n(15).
3
Suppose 0 = y - 6*y - 395. Let u = y + 133. Calculate the remainder when (-40)/(-18) - 12/u is divided by 2.
0
Let x(w) = -7*w**2 - 2*w + 2. Let y(t) = 8*t**2 + t - 2. Let m(a) = -4*x(a) - 3*y(a). Calculate the remainder when 75 is divided by m(-3).
18
Suppose 2*g + 18 = 3*g - 4*z, -4*z = 3*g - 38. Suppose 4*c = 70 - g. Calculate the remainder when 41 is divided by c.
13
Let v = 21 + -34. Let i = v - -26. Calculate the remainder when i is divided by 8.
5
Suppose 0 = -0*k - 3*k. Suppose k = 7*w - 2*w - 50. What is the remainder when w is divided by 4?
2
Suppose -5*z + b = -0*b + 2, 0 = -4*z + b - 1. Let w(f) = f + 3. What is the remainder when w(4) is divided by (3 - 1/z)/1?
3
Suppose 2 = z + 5, a - 4*z = 11. Let t(f) = -31*f. Suppose 8*n = 5*n + 33. Calculate the remainder when t(a) is divided by n.
9
Let v(l) = -l**3 - l**2 - l - 2. Calculate the remainder when 73 is divided by v(-3).
16
Let v be (-10)/25 + 22/5. Let u(t) = t**2 - t + 5. Let f be u(0). Suppose 0 = f*s + 10, v*o - 8 = -s + 3*s. Calculate the remainder when o is divided by 1.
0
Let l be (-1)/2*(38 - -4). Let u = -35 - l. Let d = u - -23. What is the remainder when 33 is divided by d?
6
Let v be 2/7 - 57/(-21). Let t(p) = -p + 2. Let h be t(0). Suppose v*u - h = u. What is the remainder when u is divided by 1?
0
Let t = 3 - 1. Let f(j) = 3*j + j**2 - 11*j + 5 - 2*j**t. What is the remainder when 35 is divided by f(-7)?
11
What is the remainder when 59 is divided by 4/(-4)*(-4 - 11)?
14
Let p = 103 + -16. Suppose p = 4*a - 5*i - 64, a = 5*i + 49. Suppose -a = f - 2*f. Calculate the remainder when f is divided by 12.
10
Let y(a) = -a**3 - 8*a**2 + 10*a + 12. Let r be y(-9). Let h(p) = -p**r + 3 + 0 + 0 - 2. Calculate the remainder when h(-1) is divided by 1.
0
Let t be (-2)/6 - (-25)/3. Suppose 4*p + 4*y = t, 2*p + 2*p + 1 = -y. What is the remainder when p*((-2)/1 - 27) is divided by 10?
9
Suppose -4*r = -u - 3*u + 240, -3*u - 2*r + 180 = 0. Suppose -2*v + u = v. Calculate the remainder when 0 - (-2 + -2 + -54) is divided by v.
18
Suppose 21 = 2*j + 5*n, -j + 0*n + 33 = -5*n. Let m = 2 + -1. Let p = j + m. What is the remainder when 55 is divided by p?
17
Let g = 88 + -59. What is the remainder when g is divided by 10?
9
Suppose 0 = -9*h + 6*h + 159. Calculate the remainder when h is divided by 19.
15
Let m(o) = -2*o**2 + o + 12. Let q be m(4). Let r(f) = -f**2 - 6*f - 6. Let x be r(-5). What is the remainder when -1 + 0 - x - q is divided by 6?
4
Let m = 3 - 0. Suppose 44 = -m*p - b, -2*b + 16 = 2*b. Let s = 26 + p. Calculate the remainder when 19 is divided by s.
9
Suppose -1 = 5*t - 21. Let u(i) = i**3 - 3*i**2 + 9. What is the remainder when u(t) is divided by 9?
7
Calculate the remainder when ((-6)/4)/(5/(-130)) is divided by 21.
18
Let r(x) = x + 16. Calculate the remainder when -219*2/(-12)*2 is divided by r(9).
23
Calculate the remainder when 8 is divided by (-76)/(-16) - (-4)/16.
3
Suppose 5*b - 2*c - 26 = 0, 2*b - 3*c - 2 = 2*c. Calculate the remainder when 44 is divided by ((-4)/b)/(4/(-90)).
14
Let o(y) = 3*y**2 + 5*y + 9. Calculate the remainder when 76 is divided by o(-3).
13
Let w = 17 + -8. Calculate the remainder when 33 is divided by w.
6
Let a(r) = -2*r + 1. Let p be a(-16). Suppose -3*l = -p + 3. What is the remainder when l is divided by 3?
1
Suppose -2*u + 415 = 99. What is the remainder when u is divided by 40?
38
Suppose 2*w - 5*w = -51. What is the remainder when w is divided by (4 + 20/(-8))/(12/56)?
3
What is the remainder when 26 is divided by 1*9 + (-14)/7?
5
What is the remainder when 21 is divided by (1 - 0)*96/12?
5
Let u = -8 - -15. Let z be 2/11 + (-10695)/(-165). Suppose u*n - 2*n = z. What is the remainder when 24 is divided by n?
11
Suppose 3*x - 15 = 0, -4*x + 0*x - 16 = -2*r. What is the remainder when r is divided by 11?
7
Calculate the remainder when 24*3/((-27)/(-12)) is divided by 11.
10
Suppose 12 = 5*s - 3. Suppose 0 = 3*t - 4*m + m - 6, s*t + 3*m = 12. Suppose t*n = -n + 80. Calculate the remainder when n is divided by 11.
9
Let r(d) be the second derivative of d**4/12 + d**3/2 + d**2 + 2*d. What is the remainder when 23 is divided by r(-4)?
5
Let y(r) = 48*r**2 - 2*r - 2. Calculate the remainder when y(-1) is divided by 17.
14
Suppose -2*u + 2051 = 3*u + y, 4*u - 1628 = -4*y. Suppose 2*l = 5*l + u. What is the remainder when (l + -2 + 1)/(-2) is divided by 18?
15
What is the remainder when 33 is divided by ((-5)/(40/(-12)) - 2)*-10?
3
What is the remainder when 44 is divided by (-2)/3*(-135)/6?
14
Calculate the remainder when 42 is divided by (24/4*-5)/(-2).
12
Let u = 30 + -13. Let h(v) = -v + 2. Suppose -z = -3*i - 20, 2*i = 3*i - z + 4. What is the remainder when u is divided by h(i)?
7
Let o = 5 - 9. Let n(x) = x**3 + 4*x**2 - x + 5. What is the remainder when (-1 - 0 - 12)*-2 is divided by n(o)?
8
Suppose 10 = 2*f - 0*f, -112 = -3*m - 5*f. What is the remainder when 85 is divided by m?
27
Suppose 0 = 3*w - 15, 0 = 5*c - w + 6 + 189. Let d = c + 61. What is the remainder when d is divided by 12?
11
Let f(c) = 5*c - 5 - c + 2*c - 3*c. Let y = 4 + -1. What is the remainder when f(4) is divided by y?
1
Suppose 12*f = 14*f - 32. Calculate the remainder when f is divided by 9.
7
Let d = -20 + 49. Suppose 4*z = 30 + 30. Calculate the remainder when d is divided by z.
14
Suppose 5*d - 2*d - 48 = 0. What 